3
Let v be 15/20 - (-23252)/16. Let k = v + -856. List the prime factors of k.
2, 13, 23
List the prime factors of (-30)/(-24) - 92100/(-48).
2, 3, 5
Let o be -117*((-66)/18 + -1). Let w = o + -156. List the prime factors of w.
2, 3, 5, 13
Let s(z) = z**3 - 17*z**2 - 10*z - 40. Suppose 5*a + 5*y = -0*a + 120, -5*a + 152 = -3*y. Suppose 2*f = 8 + a. List the prime factors of s(f).
2, 13
Suppose -4*u - 2*m = -0*u - 47132, 4*u = 3*m + 47142. List the prime factors of u.
2, 3, 491
Suppose -108*k + 1120100 = 34*k - 42*k. List the prime factors of k.
23, 487
Suppose 4*x - 116948 = -3*j, 146123 = -2360*x + 2365*x - 4*j. List the prime factors of x.
29231
Let a be (-3 + 6)*-1 - -1056. Suppose 0 = 5*p + 15, -5*p + a = 3*y - 10*p. Suppose -5*l + 234 = -y. List the prime factors of l.
2, 29
Suppose k = -5*r + 935, -4*r + 3*k + 171 = -3*r. Suppose 181*o = r*o - 955. List the prime factors of o.
191
Let p = -68853 + 117898. List the prime factors of p.
5, 17, 577
Let o = 39229 - 3489. List the prime factors of o.
2, 5, 1787
Let v(a) be the first derivative of 13*a**2/2 + 3*a - 10. Let c = 126 - 124. List the prime factors of v(c).
29
Let y(a) = -68*a - 33. Let f be y(-5). Suppose -f = -10*o + 153. Suppose -o*h + 50*h = 120. What are the prime factors of h?
2, 3, 5
Suppose g = -5*q + 19, 7*g + 2*q = 3*g + 40. Suppose 0 = -g*t - 3190 + 13819. What are the prime factors of t?
1181
Suppose -5*d + 12 = -23. Suppose 6*m = 11 + d. Suppose -l - m*l = -64. What are the prime factors of l?
2
Let l(p) = -p - 2. Let i be l(-7). Suppose v + 2*g - 3 = 0, -3 = 2*g + i. Let q = v + 30. List the prime factors of q.
41
Suppose 5*v = 11*v - 44*v + 323532. List the prime factors of v.
2, 3, 11, 43
Suppose 6*b = -28 - 44. Let h be (3/(-18))/(2/b) + -5. Let s(w) = -w**3 - 5*w**2 - 10*w - 5. List the prime factors of s(h).
19
Let a(j) = -236*j + 219*j + 3*j**2 + 52*j + 15. Suppose -6*p + 4*p = 3*u + 18, 4*u = -4*p - 44. List the prime factors of a(p).
3, 5, 11
Suppose -5*n - 6*p = -2*p + 12, 15 = 4*n - 5*p. Suppose 2*t + o = -0*t + 213, 3*o + 3 = n. Let s = t + -34. What are the prime factors of s?
73
Let t = -100 + 81. Let w(q) = -q**2 - 25*q - 15. Let j be w(t). Let i = 111 - j. What are the prime factors of i?
2, 3
Let q(p) = 2*p**2 - 35*p - 3701. What are the prime factors of q(-64)?
53, 127
Suppose 28*a - 578086 = 10*a - 11*a. List the prime factors of a.
2, 9967
Suppose 4*b - 78 = 3*b. Let i be 2 + -4 + b + -3. Suppose -i*q - 140 = -77*q. List the prime factors of q.
5, 7
Suppose 6*v - v + 10 = -2*z, -8 = 4*v - 4*z. Let s(u) be the third derivative of 8*u**5/15 - u**4/12 + 1380*u**2. List the prime factors of s(v).
2, 3, 11
Suppose 5*r + 28523 = 3*g, 16609 = 5*g - 2*r - 30942. What are the prime factors of g?
9511
Let k = -555 - -561. Suppose 948 = d + 3*h, -11*h + k*h - 10 = 0. List the prime factors of d.
2, 3, 53
Suppose -3*p - 1021 = -4*m + 1388, 0 = -2*m - 6. Let w = p + 1414. What are the prime factors of w?
607
Suppose 2*i = 3*g - 26983, 177*i = 174*i + 3. What are the prime factors of g?
5, 7, 257
Let q = -11039 - -48664. List the prime factors of q.
5, 7, 43
Let x(c) = 6*c**2 + 23*c - 2212. What are the prime factors of x(-37)?
3, 17, 101
Let u = 5079 + -12143. What are the prime factors of ((-3)/(-6))/((-56516)/u + -8)?
883
Suppose 0 = -b + 72 + 199. Let j = -247 + b. What are the prime factors of j?
2, 3
Suppose -6*g + 268 = -2486. Suppose g = 5*h - 26. Let q = 259 - h. List the prime factors of q.
2, 3
List the prime factors of 12297630/300 - (-3)/(-30).
2, 3, 7, 61
Suppose -1566831 = -29*y - 54*y + 1054309. What are the prime factors of y?
2, 5, 1579
Let n = -63378 + 95707. What are the prime factors of n?
11, 2939
Suppose -3*j - 2 = -5. Let d(x) = -16*x**2 + x. Let n be d(j). List the prime factors of (-32)/2*n/20.
2, 3
Suppose -258 = -3*c - 129. Let z = -24 + c. List the prime factors of 195/(-52)*z/2*-8.
3, 5, 19
Let x(b) = 26 + 21 - 57 - b**2 + 7*b. Let a be x(3). Suppose 2*n + 86 = a*j, 4*n = 5*j + 3*n - 203. What are the prime factors of j?
2, 5
Suppose 4*i - 173 = -117. What are the prime factors of 287/(-82)*(-244)/i?
61
Suppose 110*o = 124*o - 42. Suppose 2*q - 5*d = -2*q + 6368, 0 = -o*d. List the prime factors of q.
2, 199
Let x = -192 + 196. Suppose -15*d = -10*d - 3*i - 1810, -3*d + 1057 = x*i. List the prime factors of d.
359
List the prime factors of 2 + (10382/7 - (-24)/(-21)).
2, 7, 53
Suppose 4*s - 117350 = 13*k - 8*k, -2*s + 58630 = 5*k. What are the prime factors of s?
2, 5, 7, 419
Suppose -6*y + 10*y = 8, -4*v = 3*y - 1082. What are the prime factors of v?
269
Let s be 63/(-12) + 4/16. Let k(m) = -3*m**2 - 30*m - 15. What are the prime factors of k(s)?
2, 3, 5
Let y(q) = 95*q - 91. Suppose -4*p + 2*h + 28 = 0, 4*p + 5*h = 5*p - 25. What are the prime factors of y(p)?
2, 3
Suppose 3*p + 3*b + 3 = 12, -4*b + 18 = 5*p. Let j(f) = 10 - 4 + p + 2*f + 23*f. List the prime factors of j(5).
137
Let q(x) = -4*x**3 + 2*x**2 + 3. Let v be q(3). Let l = v - -45. Let o = l + 178. List the prime factors of o.
2, 17
Let p(i) = i**2 - 12*i + 8. Suppose j - 18 = -6. Let a be p(j). List the prime factors of 78 - (-4)/(-8)*a.
2, 37
Suppose -12*m + 92 = -8*m. Let b = 27 - m. Suppose 4*l = b, 2*l + 0*l = -3*g + 68. List the prime factors of g.
2, 11
Let s be (-115)/(-46)*(-8)/10. Let t be 108/((7 + -6)/(s/(-2))). Let x = 33 + t. List the prime factors of x.
3, 47
Suppose -t - 3*p = -3, 2*t - 4*p + 4 = -0. Suppose t = -3*s - 4*f + 1149, -4*s + 5*f - 1152 = -7*s. What are the prime factors of s?
379
Suppose -4800 - 150 = 9*y. Let q = y + 923. What are the prime factors of q?
373
List the prime factors of -802*37/((-74)/12).
2, 3, 401
Suppose k - 46*u + 49*u = 9788, -5*u = 3*k - 29344. List the prime factors of k.
29, 337
Suppose 35*a + 7584 = 2652 - 7948. Let g = 14 + -7. What are the prime factors of g/((-14)/a) - 1?
3, 61
Let n be (258/8)/((-1757)/252 - -7). Suppose 46*w - 37*w - n = 0. List the prime factors of w.
3, 43
Suppose -75*m + 363374 = -227926. List the prime factors of m.
2, 3, 73
Suppose -120*u = -112*u - 368. Suppose 3*g - 1462 = -u. List the prime factors of g.
2, 59
Suppose 25*i - 76257 = 255943 + 4800. List the prime factors of i.
2, 5, 337
Let r = 15316 + 16465. List the prime factors of r.
61, 521
Suppose 15*i = 4*i + 9900. Suppose 10*g = 480 + i. What are the prime factors of g?
2, 3, 23
Let i(w) = -2*w + 10. Let q be i(3). Let n be 20/q - (-9)/(-3). Suppose n*l + 442 = 4*l. What are the prime factors of l?
13, 17
Suppose -22*i = -7*i - 90. Suppose 2*q - 9296 = -i*q. List the prime factors of 0 - -4 - q/(-7).
2, 5, 17
Suppose 3*z - 7*z = 0. Suppose -2*x + 1314 - 44 = 2*w, z = 3*w - x - 1889. What are the prime factors of w?
631
Suppose -8*o + 225542 = -48879 - 8243. List the prime factors of o.
89, 397
Let s = 44 - 154. Let g = 313 + s. Suppose 4*y - g = 113. List the prime factors of y.
79
Let d be 78/(-156) + 9/2. Let i(o) = -o**2 - 6*o + 3. Let k be i(-6). Suppose -237 = -5*z - d*j, 4*z = k*z + j + 51. What are the prime factors of z?
7
Let j be 1323/(-189) - (-12 + (-1)/1). Let t be (-1 + -1 - -4) + -4. List the prime factors of (3/t)/(j/(-124)).
31
Let y(p) = 23*p**3 - 30*p**2 - 8*p - 20. List the prime factors of y(7).
6343
Let a(j) = 22*j + 4897. List the prime factors of a(81).
6679
Suppose 0 = -4*l + 5*k - 211, -k + 2 = -1. Let f(a) = -7*a + 29. Let g be f(18). Let z = l - g. List the prime factors of z.
2, 3
Let z(b) = 2*b**2 - 60*b - 222. What are the prime factors of z(-10)?
2, 17
Let i(b) = 20*b**2 + 6*b - 32. List the prime factors of i(20).
2, 3, 337
Let x = -1684 - -3145. Let h = -689 + x. List the prime factors of h.
2, 193
Let c be 10/(-5) - (6 + -8). Suppose c = -l + 3, -6*b + b = 2*l - 1636. List the prime factors of b.
2, 163
Let x(i) = i**3 + 9*i**2 + 3*i + 29. Let o be x(-9). Suppose o*s = 3*s - 5, -2*j + 441 = -s. What are the prime factors of j?
223
Suppose 2*v - 5*t = 71, -2*v + 0*v + 44 = 4*t. Suppose 0 = -4*h - 10*h + v. Suppose -d = l - 22, h*d - 100 = -3*d - 3*l. List the prime factors of d.
17
Let z(p) = -2946*p + 86. What are the prime factors of z(-2)?
2, 7, 61
Let y = -3796 - -16617. List the prime factors of y.
12821
Let b = -998 - -1515. Let f = -326 + b. What are the prime factors of f?
191
Let m be 